{"id":1258,"date":"2020-11-27T18:53:30","date_gmt":"2020-11-27T18:53:30","guid":{"rendered":"http:\/\/www.saludadomiciliomex.com\/saludadomicilio\/oneline-home\/"},"modified":"2022-07-06T16:58:38","modified_gmt":"2022-07-06T16:58:38","slug":"oneline-home","status":"publish","type":"page","link":"https:\/\/www.saludadomiciliomex.com\/saludadomicilio\/","title":{"rendered":""},"content":{"rendered":"\n<div style=\"height:20px\" aria-hidden=\"true\" class=\"wp-block-spacer\"><\/div>\n\n\n\n<div class=\"wp-block-buttons is-content-justification-center is-layout-flex\">\n<div class=\"wp-block-button has-custom-width wp-block-button__width-50 has-custom-font-size is-style-fill has-medium-font-size\"><a class=\"wp-block-button__link has-white-color has-vivid-green-cyan-background-color has-text-color has-background\" href=\"https:\/\/wa.me\/5219513465589\" style=\"border-radius:50px\" target=\"_blank\" rel=\"noreferrer noopener\">Cont\u00e1ctanos V\u00eda WhatsApp<\/a><\/div>\n<\/div>\n\n\n\n<div style=\"height:50px\" aria-hidden=\"true\" class=\"wp-block-spacer\"><\/div>\n\n\n<div data-block-name=\"woocommerce\/handpicked-products\" data-edit-mode=\"false\" data-products=\"[70,1505,1503,1239,52,25]\" class=\"wc-block-grid wp-block-handpicked-products wc-block-handpicked-products has-3-columns has-multiple-rows\"><ul class=\"wc-block-grid__products\"><li class=\"wc-block-grid__product\">\n\t\t\t\t<a href=\"https:\/\/www.saludadomiciliomex.com\/saludadomicilio\/producto\/concentrador-de-oxigeno-10-lts\/\" class=\"wc-block-grid__product-link\">\n\t\t\t\t\t<div class=\"wc-block-grid__product-image\"><img width=\"1200\" height=\"799\" src=\"https:\/\/www.saludadomiciliomex.com\/saludadomicilio\/wp-content\/uploads\/2021\/08\/concentrador_10lt.png\" class=\"attachment-woocommerce_thumbnail size-woocommerce_thumbnail\" alt=\"Concentrador de Ox\u00edgeno 10 lts.\" decoding=\"async\" loading=\"lazy\" srcset=\"https:\/\/www.saludadomiciliomex.com\/saludadomicilio\/wp-content\/uploads\/2021\/08\/concentrador_10lt.png 1201w, https:\/\/www.saludadomiciliomex.com\/saludadomicilio\/wp-content\/uploads\/2021\/08\/concentrador_10lt-300x200.png 300w, https:\/\/www.saludadomiciliomex.com\/saludadomicilio\/wp-content\/uploads\/2021\/08\/concentrador_10lt-1024x682.png 1024w, https:\/\/www.saludadomiciliomex.com\/saludadomicilio\/wp-content\/uploads\/2021\/08\/concentrador_10lt-380x254.png 380w\" sizes=\"(max-width: 1200px) 100vw, 1200px\" \/><\/div>\n\t\t\t\t\t<div class=\"wc-block-grid__product-title\">Concentrador de Ox\u00edgeno 10 lts.<\/div>\n\t\t\t\t<\/a>\n\t\t\t\t\n\t\t\t\t<div class=\"wc-block-grid__product-price price\"><\/div>\n\t\t\t\t\n\t\t\t\t<div class=\"wp-block-button wc-block-grid__product-add-to-cart\"><a href=\"https:\/\/www.saludadomiciliomex.com\/saludadomicilio\/producto\/concentrador-de-oxigeno-10-lts\/\" aria-label=\"Lee m\u00e1s sobre &ldquo;Concentrador de Ox\u00edgeno 10 lts.&rdquo;\" data-quantity=\"1\" data-product_id=\"1505\" data-product_sku=\"\" rel=\"nofollow\" class=\"wp-block-button__link wp-element-button add_to_cart_button\">Leer m\u00e1s<\/a><\/div>\n\t\t\t<\/li><li class=\"wc-block-grid__product\">\n\t\t\t\t<a href=\"https:\/\/www.saludadomiciliomex.com\/saludadomicilio\/producto\/tanque-de-oxigeno-3000-lts\/\" class=\"wc-block-grid__product-link\">\n\t\t\t\t\t<div class=\"wc-block-grid__product-image\"><img width=\"1200\" height=\"799\" src=\"https:\/\/www.saludadomiciliomex.com\/saludadomicilio\/wp-content\/uploads\/2021\/08\/tanque_oxigeno.png\" class=\"attachment-woocommerce_thumbnail size-woocommerce_thumbnail\" alt=\"Tanque de Ox\u00edgeno 3000 lts\" decoding=\"async\" loading=\"lazy\" srcset=\"https:\/\/www.saludadomiciliomex.com\/saludadomicilio\/wp-content\/uploads\/2021\/08\/tanque_oxigeno.png 1201w, https:\/\/www.saludadomiciliomex.com\/saludadomicilio\/wp-content\/uploads\/2021\/08\/tanque_oxigeno-300x200.png 300w, https:\/\/www.saludadomiciliomex.com\/saludadomicilio\/wp-content\/uploads\/2021\/08\/tanque_oxigeno-1024x682.png 1024w, https:\/\/www.saludadomiciliomex.com\/saludadomicilio\/wp-content\/uploads\/2021\/08\/tanque_oxigeno-380x254.png 380w\" sizes=\"(max-width: 1200px) 100vw, 1200px\" \/><\/div>\n\t\t\t\t\t<div class=\"wc-block-grid__product-title\">Tanque de Ox\u00edgeno 3000 lts<\/div>\n\t\t\t\t<\/a>\n\t\t\t\t\n\t\t\t\t<div class=\"wc-block-grid__product-price price\"><\/div>\n\t\t\t\t\n\t\t\t\t<div class=\"wp-block-button wc-block-grid__product-add-to-cart\"><a href=\"https:\/\/www.saludadomiciliomex.com\/saludadomicilio\/producto\/tanque-de-oxigeno-3000-lts\/\" aria-label=\"Lee m\u00e1s sobre &ldquo;Tanque de Ox\u00edgeno 3000 lts&rdquo;\" data-quantity=\"1\" data-product_id=\"1503\" data-product_sku=\"\" rel=\"nofollow\" class=\"wp-block-button__link wp-element-button add_to_cart_button\">Leer m\u00e1s<\/a><\/div>\n\t\t\t<\/li><li class=\"wc-block-grid__product\">\n\t\t\t\t<a href=\"https:\/\/www.saludadomiciliomex.com\/saludadomicilio\/producto\/tanque-de-oxigeno-tipo-e\/\" class=\"wc-block-grid__product-link\">\n\t\t\t\t\t<div class=\"wc-block-grid__product-image\"><img width=\"1200\" height=\"799\" src=\"https:\/\/www.saludadomiciliomex.com\/saludadomicilio\/wp-content\/uploads\/2020\/05\/TanqueE-1.png\" class=\"attachment-woocommerce_thumbnail size-woocommerce_thumbnail\" alt=\"Tanque de Ox\u00edgeno Tipo E\" decoding=\"async\" loading=\"lazy\" srcset=\"https:\/\/www.saludadomiciliomex.com\/saludadomicilio\/wp-content\/uploads\/2020\/05\/TanqueE-1.png 1201w, https:\/\/www.saludadomiciliomex.com\/saludadomicilio\/wp-content\/uploads\/2020\/05\/TanqueE-1-300x200.png 300w, https:\/\/www.saludadomiciliomex.com\/saludadomicilio\/wp-content\/uploads\/2020\/05\/TanqueE-1-1024x682.png 1024w, https:\/\/www.saludadomiciliomex.com\/saludadomicilio\/wp-content\/uploads\/2020\/05\/TanqueE-1-380x254.png 380w\" sizes=\"(max-width: 1200px) 100vw, 1200px\" \/><\/div>\n\t\t\t\t\t<div class=\"wc-block-grid__product-title\">Tanque de Ox\u00edgeno Tipo E<\/div>\n\t\t\t\t<\/a>\n\t\t\t\t\n\t\t\t\t<div class=\"wc-block-grid__product-price price\"><\/div>\n\t\t\t\t\n\t\t\t\t<div class=\"wp-block-button wc-block-grid__product-add-to-cart\"><a href=\"https:\/\/www.saludadomiciliomex.com\/saludadomicilio\/producto\/tanque-de-oxigeno-tipo-e\/\" aria-label=\"Lee m\u00e1s sobre &ldquo;Tanque de Ox\u00edgeno Tipo E&rdquo;\" data-quantity=\"1\" data-product_id=\"1239\" data-product_sku=\"\" rel=\"nofollow\" class=\"wp-block-button__link wp-element-button add_to_cart_button\">Leer m\u00e1s<\/a><\/div>\n\t\t\t<\/li><li class=\"wc-block-grid__product\">\n\t\t\t\t<a href=\"https:\/\/www.saludadomiciliomex.com\/saludadomicilio\/producto\/concentrador-de-oxigeno\/\" class=\"wc-block-grid__product-link\">\n\t\t\t\t\t<div class=\"wc-block-grid__product-image\"><img width=\"1200\" height=\"799\" src=\"https:\/\/www.saludadomiciliomex.com\/saludadomicilio\/wp-content\/uploads\/2016\/02\/concentrador_5lt.png\" class=\"attachment-woocommerce_thumbnail size-woocommerce_thumbnail\" alt=\"Concentrador de Oxigeno 5 Litros\" decoding=\"async\" loading=\"lazy\" srcset=\"https:\/\/www.saludadomiciliomex.com\/saludadomicilio\/wp-content\/uploads\/2016\/02\/concentrador_5lt.png 1201w, https:\/\/www.saludadomiciliomex.com\/saludadomicilio\/wp-content\/uploads\/2016\/02\/concentrador_5lt-300x200.png 300w, https:\/\/www.saludadomiciliomex.com\/saludadomicilio\/wp-content\/uploads\/2016\/02\/concentrador_5lt-1024x682.png 1024w, https:\/\/www.saludadomiciliomex.com\/saludadomicilio\/wp-content\/uploads\/2016\/02\/concentrador_5lt-380x254.png 380w\" sizes=\"(max-width: 1200px) 100vw, 1200px\" \/><\/div>\n\t\t\t\t\t<div class=\"wc-block-grid__product-title\">Concentrador de Oxigeno 5 Litros<\/div>\n\t\t\t\t<\/a>\n\t\t\t\t\n\t\t\t\t<div class=\"wc-block-grid__product-price price\"><\/div>\n\t\t\t\t\n\t\t\t\t<div class=\"wp-block-button wc-block-grid__product-add-to-cart\"><a href=\"https:\/\/www.saludadomiciliomex.com\/saludadomicilio\/producto\/concentrador-de-oxigeno\/\" aria-label=\"Lee m\u00e1s sobre &ldquo;Concentrador de Oxigeno 5 Litros&rdquo;\" data-quantity=\"1\" data-product_id=\"70\" data-product_sku=\"\" rel=\"nofollow\" class=\"wp-block-button__link wp-element-button add_to_cart_button\">Leer m\u00e1s<\/a><\/div>\n\t\t\t<\/li><li class=\"wc-block-grid__product\">\n\t\t\t\t<a href=\"https:\/\/www.saludadomiciliomex.com\/saludadomicilio\/producto\/ventilador-neonatal-pediatrico-y-adulto\/\" class=\"wc-block-grid__product-link\">\n\t\t\t\t\t<div class=\"wc-block-grid__product-image\"><img width=\"1200\" height=\"799\" src=\"https:\/\/www.saludadomiciliomex.com\/saludadomicilio\/wp-content\/uploads\/2016\/02\/Ventilador_evita4-1.png\" class=\"attachment-woocommerce_thumbnail size-woocommerce_thumbnail\" alt=\"Ventilador Neonatal - Pedi\u00e1trico y Adulto Dr\u00e4ger. Evita 4\" decoding=\"async\" loading=\"lazy\" srcset=\"https:\/\/www.saludadomiciliomex.com\/saludadomicilio\/wp-content\/uploads\/2016\/02\/Ventilador_evita4-1.png 1201w, https:\/\/www.saludadomiciliomex.com\/saludadomicilio\/wp-content\/uploads\/2016\/02\/Ventilador_evita4-1-300x200.png 300w, https:\/\/www.saludadomiciliomex.com\/saludadomicilio\/wp-content\/uploads\/2016\/02\/Ventilador_evita4-1-1024x682.png 1024w, https:\/\/www.saludadomiciliomex.com\/saludadomicilio\/wp-content\/uploads\/2016\/02\/Ventilador_evita4-1-380x254.png 380w\" sizes=\"(max-width: 1200px) 100vw, 1200px\" \/><\/div>\n\t\t\t\t\t<div class=\"wc-block-grid__product-title\">Ventilador Neonatal &#8211; Pedi\u00e1trico y Adulto Dr\u00e4ger. Evita 4<\/div>\n\t\t\t\t<\/a>\n\t\t\t\t\n\t\t\t\t<div class=\"wc-block-grid__product-price price\"><\/div>\n\t\t\t\t\n\t\t\t\t<div class=\"wp-block-button wc-block-grid__product-add-to-cart\"><a href=\"https:\/\/www.saludadomiciliomex.com\/saludadomicilio\/producto\/ventilador-neonatal-pediatrico-y-adulto\/\" aria-label=\"Lee m\u00e1s sobre &ldquo;Ventilador Neonatal - Pedi\u00e1trico y Adulto Dr\u00e4ger. Evita 4&rdquo;\" data-quantity=\"1\" data-product_id=\"52\" data-product_sku=\"\" rel=\"nofollow\" class=\"wp-block-button__link wp-element-button add_to_cart_button\">Leer m\u00e1s<\/a><\/div>\n\t\t\t<\/li><li class=\"wc-block-grid__product\">\n\t\t\t\t<a href=\"https:\/\/www.saludadomiciliomex.com\/saludadomicilio\/producto\/ventilador\/\" class=\"wc-block-grid__product-link\">\n\t\t\t\t\t<div class=\"wc-block-grid__product-image\"><img width=\"1200\" height=\"799\" src=\"https:\/\/www.saludadomiciliomex.com\/saludadomicilio\/wp-content\/uploads\/2016\/02\/ventilador840.png\" class=\"attachment-woocommerce_thumbnail size-woocommerce_thumbnail\" alt=\"Ventilador Pedi\u00e1trico Adulto\" decoding=\"async\" loading=\"lazy\" srcset=\"https:\/\/www.saludadomiciliomex.com\/saludadomicilio\/wp-content\/uploads\/2016\/02\/ventilador840.png 1201w, https:\/\/www.saludadomiciliomex.com\/saludadomicilio\/wp-content\/uploads\/2016\/02\/ventilador840-300x200.png 300w, https:\/\/www.saludadomiciliomex.com\/saludadomicilio\/wp-content\/uploads\/2016\/02\/ventilador840-1024x682.png 1024w, https:\/\/www.saludadomiciliomex.com\/saludadomicilio\/wp-content\/uploads\/2016\/02\/ventilador840-380x254.png 380w\" sizes=\"(max-width: 1200px) 100vw, 1200px\" \/><\/div>\n\t\t\t\t\t<div class=\"wc-block-grid__product-title\">Ventilador Pedi\u00e1trico Adulto<\/div>\n\t\t\t\t<\/a>\n\t\t\t\t\n\t\t\t\t<div class=\"wc-block-grid__product-price price\"><span class=\"woocommerce-Price-amount amount\"><span class=\"woocommerce-Price-currencySymbol\">&#036;<\/span>2,950.00<\/span><\/div>\n\t\t\t\t\n\t\t\t\t<div class=\"wp-block-button wc-block-grid__product-add-to-cart\"><a href=\"?add-to-cart=25\" aria-label=\"A\u00f1ade &ldquo;Ventilador Pedi\u00e1trico Adulto&rdquo; a tu carrito\" data-quantity=\"1\" data-product_id=\"25\" data-product_sku=\"\" rel=\"nofollow\" class=\"wp-block-button__link wp-element-button add_to_cart_button ajax_add_to_cart\">A\u00f1adir al carrito<\/a><\/div>\n\t\t\t<\/li><\/ul><\/div>\n\n\n<div style=\"height:100px\" aria-hidden=\"true\" class=\"wp-block-spacer\"><\/div>\n\n\n\n<figure class=\"wp-block-embed is-type-video is-provider-youtube wp-block-embed-youtube wp-embed-aspect-16-9 wp-has-aspect-ratio\"><div class=\"wp-block-embed__wrapper\">\n<iframe loading=\"lazy\" title=\"Concentrador de ox\u00edgeno 10 litros antes de comprar o rentar uno, debes saber esto.\" width=\"1140\" height=\"641\" src=\"https:\/\/www.youtube.com\/embed\/OZ3Q46o6-Dc?start=147&#038;feature=oembed\" frameborder=\"0\" allow=\"accelerometer; autoplay; clipboard-write; encrypted-media; gyroscope; picture-in-picture\" allowfullscreen><\/iframe>\n<\/div><\/figure>\n","protected":false},"excerpt":{"rendered":"","protected":false},"author":4,"featured_media":0,"parent":0,"menu_order":0,"comment_status":"closed","ping_status":"closed","template":"","meta":{"ngg_post_thumbnail":0},"_links":{"self":[{"href":"https:\/\/www.saludadomiciliomex.com\/saludadomicilio\/wp-json\/wp\/v2\/pages\/1258"}],"collection":[{"href":"https:\/\/www.saludadomiciliomex.com\/saludadomicilio\/wp-json\/wp\/v2\/pages"}],"about":[{"href":"https:\/\/www.saludadomiciliomex.com\/saludadomicilio\/wp-json\/wp\/v2\/types\/page"}],"author":[{"embeddable":true,"href":"https:\/\/www.saludadomiciliomex.com\/saludadomicilio\/wp-json\/wp\/v2\/users\/4"}],"replies":[{"embeddable":true,"href":"https:\/\/www.saludadomiciliomex.com\/saludadomicilio\/wp-json\/wp\/v2\/comments?post=1258"}],"version-history":[{"count":36,"href":"https:\/\/www.saludadomiciliomex.com\/saludadomicilio\/wp-json\/wp\/v2\/pages\/1258\/revisions"}],"predecessor-version":[{"id":1875,"href":"https:\/\/www.saludadomiciliomex.com\/saludadomicilio\/wp-json\/wp\/v2\/pages\/1258\/revisions\/1875"}],"wp:attachment":[{"href":"https:\/\/www.saludadomiciliomex.com\/saludadomicilio\/wp-json\/wp\/v2\/media?parent=1258"}],"curies":[{"name":"wp","href":"https:\/\/api.w.org\/{rel}","templated":true}]}}